e the remainder when s is divided by -5*1*2/(-5).
0
Suppose 8 = 2*o + 2*z, 0 = -0*o - o + 3*z - 16. Let w = o + -1. What is the remainder when 2/(w/(-1)) - -11 is divided by 7?
5
Let r = 14 - -17. What is the remainder when r is divided by 8?
7
Let w(b) = b**3 - 13*b**2 + 2*b + 12. Suppose 0*x = -5*x + 65. What is the remainder when w(13) is divided by x?
12
Suppose 3*q = 78 + 15. What is the remainder when 61 is divided by q?
30
Let z be 3/6 + (-146)/(-4). Suppose -18 + 12 = 2*c. What is the remainder when (3/c)/1 + z is divided by 13?
10
Let m = -27 - -18. Calculate the remainder when 164/6 - (-3)/m is divided by 10.
7
Let q = 4 + -4. Suppose 5*h = j - 3, q*j - 3*h + 81 = 3*j. Suppose -3*d = 4*t - 45, -2*t + 12 = -2*d - 14. Calculate the remainder when j is divided by t.
11
Suppose 5*u - 3*u = 4*q - 106, 137 = 5*q - u. Suppose -2*k - q = 2*k. Calculate the remainder when 13 is divided by (-8)/4 - k/1.
3
Suppose -3*g + 11 = 2*j, -5*g + g = 2*j - 10. What is the remainder when j is divided by 4?
3
Let s(g) = -g**3 - 4*g**2 - 3*g - 3. Suppose 478 = 17*r + 70. What is the remainder when r is divided by s(-4)?
6
Let z(v) = -v**3 + 9*v**2 + v - 11. Let g be z(9). Calculate the remainder when 25 is divided by (-14 - g/2)*-1.
12
Let f = -43 + 58. What is the remainder when 28 is divided by f?
13
Suppose 4*w = -3*n + 15, -5 = 2*n - 3*n - 2*w. Suppose 2*t - n = t. Suppose -t*j + 40 = -j. Calculate the remainder when 17 is divided by j.
7
Let m(q) = q**2 - 1. Let p be m(-2). Suppose -4*t = -4*b + 32, p*t + 18 + 1 = 2*b. Let k = t + 6. What is the remainder when 5 is divided by k?
2
Let m = -22 - -45. Calculate the remainder when 43 is divided by m.
20
Let q(f) = -f**2 + 2*f + 44. Let u(d) = d - 3. Let i be u(4). Calculate the remainder when q(0) is divided by 0 - i - -2 - -14.
14
Suppose 218 = 4*s - 74. What is the remainder when s is divided by 22?
7
Let y = 4 - -7. What is the remainder when 30 is divided by y?
8
Let c(a) = -12*a - 1. Suppose -3*g - 19 = 2*b - b, -5*b = 2*g + 30. Calculate the remainder when -1 + 22 + g/5 is divided by c(-1).
9
Let c(p) = -23*p**2 + p + 2. Let t be c(-4). Let r = -236 - t. What is the remainder when 35 is divided by 2/(-11) - r/(-11)?
11
Calculate the remainder when 8 is divided by 0 - -2 - (-8)/8.
2
Let q = 57 + -23. What is the remainder when 99 is divided by q?
31
Let t(d) = d**3 - 8*d**2 + 2*d - 2. Let c be t(8). Suppose x - 2*x = -c. Calculate the remainder when x is divided by 5.
4
Let k = 7 + 1. Suppose -2*l - 4 = -k. Let r(g) = -g**3 - g**2 - g. Calculate the remainder when l is divided by r(-1).
0
Let p = -4 - -18. Let h(w) = w - 6. Let n be h(6). Calculate the remainder when p is divided by (-1 + n + 3)*4.
6
Let q(y) = 19*y - 2. Let i be q(3). Suppose 5*k - i = -3*x, 3*k = -0*k - 3*x + 27. Calculate the remainder when k is divided by 8.
6
Let w = -8 + 17. Let q = -18 - -22. Let x = q + 21. Calculate the remainder when x is divided by w.
7
Suppose 0 = -s - 4*x + 10, s - 9 - 16 = x. Let p be (24/9)/((-2)/6). Let q = s + p. Calculate the remainder when q is divided by 8.
6
Suppose 0 = -6*j + 2*j + 20. Suppose -j*l = 5*a - 40, 3*a + 4 = 4*l - 0. Suppose l = -2*d + 26. What is the remainder when 21 is divided by d?
10
Let y = -43 - -154. Let n = -79 + y. What is the remainder when n is divided by 11?
10
Let i = 320 - 186. What is the remainder when i is divided by 27?
26
Suppose 0 = -4*i + 49 + 27. Calculate the remainder when 56 is divided by i.
18
Suppose 0 = 3*r - 5*r + 252. What is the remainder when r is divided by 32?
30
Let p(g) = g**2 - 2*g - 3. Let l be p(3). Suppose 0 = -r - 4*f + 7, l*r + 28 = 4*r - 2*f. What is the remainder when 21 - -5*4/(-10) is divided by r?
5
Let p(c) = 3*c**2 + 10*c - 8. Let s be p(-10). Suppose -2*d = k + 3*k - s, -3*d = 2*k - 104. Calculate the remainder when k is divided by 16.
14
Suppose -3*u - 63 = -0*u. Let h = 8 - u. Suppose 45 = -2*i + 5*i. What is the remainder when h is divided by i?
14
Let w(h) = 8*h**2 + 1. Let b be w(-2). Calculate the remainder when 2 - b/6*-8 is divided by -1 + 2 + -1 - -16.
14
Let c be (-2 - -5 - -10) + 0. Suppose 0 = -l + 7 + c. What is the remainder when 38 is divided by l?
18
Let p(i) = 2*i**2 - 21*i + 12. What is the remainder when p(14) is divided by 8?
6
Let k(v) = v**2 + 2*v - 2. Let j be k(3). Suppose -o + 0 = -j. Calculate the remainder when 38 is divided by o.
12
Let n = -31 + 59. Let z be 1/(9/(-30))*-3. Suppose -2*g + 25 = v, -g - g = 4*v - z. What is the remainder when n is divided by g?
13
Let a = -67 - -78. Calculate the remainder when 36 is divided by a.
3
Let z be 12/(-60) + 182/10. Let k be (-4 - -1)/(3/(-10)). Suppose 2*b - 2*y = z + k, -4*b - y = -56. What is the remainder when b is divided by 8?
6
Calculate the remainder when 4/(-3)*(-627)/22 is divided by 10.
8
Suppose r + 4*d = -r + 108, 182 = 3*r + 2*d. Calculate the remainder when r is divided by 24.
16
Let u = -3 + 7. Let f be 18/(-14) - 4/(-14). What is the remainder when 14 is divided by 10/(f + u + -1)?
4
Calculate the remainder when 148*(4 + 21/(-6)) is divided by 11.
8
Calculate the remainder when (605 - -5)/5 - -1 is divided by 25.
23
Let p = -124 - -225. What is the remainder when p is divided by 17?
16
Suppose 0*z - 3*z - 9 = -3*q, 0 = -5*q - z + 27. Let i(h) = -h - 2. Let r be i(-5). Suppose 0 = 2*m - r*m + 2. What is the remainder when q is divided by m?
1
Let l(y) = 1 - 6*y**2 - 6 - 2*y + 7*y**2. Let x be l(5). Let w = -5 + x. What is the remainder when w is divided by 4?
1
Suppose 29 = -5*c - 866. Let z = -72 - c. Suppose 5*y - 34 = 4*g + z, 2*g - 147 = -5*y. What is the remainder when y is divided by 10?
9
Suppose 5*k + 2*g - 97 = 0, -2*k + 5*g = -4*k + 43. What is the remainder when 56 is divided by k?
18
Let c(h) = -7*h - 1. What is the remainder when 22 is divided by c(-1)?
4
Suppose 0*h = h - 29. Let c = -24 - -6. Let o = c + h. Calculate the remainder when o is divided by 4.
3
Calculate the remainder when (4/10)/(4/460)*1 is divided by 17.
12
Suppose 2*u + 3*w + 8 = 0, 0 = 4*w - 3*w. Suppose -3*g = 4*o - 18, 5*g - 6 = 4*g - 4*o. Let p = u + g. Calculate the remainder when 5 is divided by p.
1
Suppose s + 9 = 4*s, -s - 7 = -u. Suppose 3*w = y + 7, 2*y = -5*w + 7*w - u. Calculate the remainder when w + -3 + (12 - -1) is divided by 4.
3
Let l be (-1 + 0)*6*1. What is the remainder when -4 + 2 + (-1 - -42) is divided by (-85)/l + 3/(-18)?
11
Let b = 27 - 14. Suppose -19 = -m + b. What is the remainder when m is divided by 11?
10
Let v be (-1)/(-5) - 72/10. Calculate the remainder when (v + 6)/((-2)/4) is divided by 1.
0
Let j(v) = 2*v**2 + 9*v + 11. Calculate the remainder when j(-8) is divided by 17.
16
Let d(u) = 2*u + 10. What is the remainder when d(17) is divided by 23?
21
Suppose -4*o + a + 91 = 0, a - 2*a = -2*o + 45. Calculate the remainder when 43 is divided by o.
20
Let d(b) = -b**2 + 12*b - 15. What is the remainder when 46 is divided by d(9)?
10
Suppose -125 = -3*f + 2*h, -2*f = -5*f - 2*h + 109. Calculate the remainder when f is divided by 14.
11
Suppose 0 = 2*w - 6*w + 4. Let c = -4 + 11. Calculate the remainder when (-26)/(w + 1 - 4) is divided by c.
6
Let u be 4/6*(-132)/(-8). Let y = 15 - u. Suppose -4*m = -2*f - y, 2*f + f = 3*m. Calculate the remainder when 4 is divided by m.
0
Let c(q) be the first derivative of 4*q**3 - q**2 + q + 1. Suppose 3*k = 5*m - 14, 0 = 2*m - 0*k - 3*k - 2. What is the remainder when c(1) is divided by m?
3
Suppose 5*l - l - 42 = -3*m, -5*l - 4*m + 53 = 0. What is the remainder when 46 is divided by 12/((-4)/((-48)/l))?
14
Let y = -25 - -35. Suppose -4*w + 24 = -4*i, 2*w = -2*w - 3*i + y. What is the remainder when w is divided by 2?
0
Suppose 5*t + 0 + 5 = 0. Let z be 2/8 + t/4. Suppose -3*v + 50 + 25 = z. Calculate the remainder when v is divided by 13.
12
Let a be 6/3 + -1 + 32. Suppose -5*i = 5*d - a + 8, -2*i = 4*d - 14. What is the remainder when i is divided by 2?
1
What is the remainder when 750/40 + (-1)/(-4) is divided by 1 - (-7 + -1) - 2?
5
Calculate the remainder when 14 is divided by (-3)/(9/15)*-1.
4
Calculate the remainder when 10 is divided by 2/(-1 - 1) - -4.
1
Let p be -2 - (-1 + -1) - 2. Let i be -5 + 3 + p + 5. Let h(c) = 23*c**2 - 2*c + 1. Calculate the remainder when 65 is divided by